{"id":11,"date":"2117-11-08T07:23:08","date_gmt":"2017-11-08T07:23:50","guid":{"rendered":"http:\/\/www.mextelecom.com.mx\/corporativo\/?page_id=11"},"modified":"2018-03-16T16:58:50","modified_gmt":"2018-03-16T22:58:50","slug":"una-seccion-de-pagina-de-inicio","status":"publish","type":"page","link":"https:\/\/www.mextelecom.com.mx\/corporativo\/una-seccion-de-pagina-de-inicio\/","title":{"rendered":"Una secci\u00f3n de p\u00e1gina de inicio"},"content":{"rendered":"<p>\u201cComunicaci\u00f3n, Redes y Seguridad\u201d<br \/>\nPBX anal\u00f3gico, digital e IP, diademas, accesorios telef\u00f3nicos, tel\u00e9fonos inal\u00e1mbricos, intercomunicaci\u00f3n, videovigilancia, control de acceso, energ\u00eda, detecci\u00f3n de fuego, automatizaci\u00f3n e intrusi\u00f3n, radiocomunicaci\u00f3n, redes, cableado estructurado, GPS,luces de emergencia y transporte, etc.<\/p>\n<p>Marcas. Honeywell, Intec, Ubiquiti Networks, Syscom, Panduit, Panasonic, Hikvision, Plantronics, Lloyds, Condumex, Steren, etc.<\/p>\n<p><a href=\"http:\/\/www.mextelecom.com.mx\/corporativo\/wp-content\/uploads\/2017\/11\/MEXTELECOM-PBX.pdf\" target=\"_blank\" rel=\"noopener\">Cat\u00e1logo de Comunicaci\u00f3n.<\/a><\/p>\n<p><a href=\"http:\/\/www.mextelecom.com.mx\/corporativo\/wp-content\/uploads\/2017\/11\/catalogo-Intec-2015.pdf\" target=\"_blank\" rel=\"noopener\">Cat\u00e1logo de Intercomunicaci\u00f3n.<\/a><\/p>\n<p><a href=\"https:\/\/www.mextelecom.biz\" target=\"_blank\" rel=\"noopener\">Cat\u00e1logo de Redes y Seguridad.<\/a><\/p>\n<p><a href=\"http:\/\/www.mextelecom.net\/\" target=\"_blank\" rel=\"noopener\"><span style=\"font-weight: 400;\">Muestra antigua de equipos de seguridad.<\/span><\/a><\/p>\n<p>Solicite presupuesto.<br \/>\nGracias.<\/p>\n","protected":false},"excerpt":{"rendered":"<p>\u201cComunicaci\u00f3n, Redes y Seguridad\u201d PBX anal\u00f3gico, digital e IP, diademas, accesorios telef\u00f3nicos, tel\u00e9fonos inal\u00e1mbricos, intercomunicaci\u00f3n, videovigilancia, control de acceso, energ\u00eda, detecci\u00f3n de fuego, automatizaci\u00f3n e<a href=\"https:\/\/www.mextelecom.com.mx\/corporativo\/una-seccion-de-pagina-de-inicio\/\" class=\"more-link\">Ver m\u00e1s<\/a><\/p>\n","protected":false},"author":1,"featured_media":290,"parent":0,"menu_order":0,"comment_status":"closed","ping_status":"closed","template":"","meta":{"footnotes":""},"class_list":["post-11","page","type-page","status-publish","has-post-thumbnail","hentry"],"_links":{"self":[{"href":"https:\/\/www.mextelecom.com.mx\/corporativo\/wp-json\/wp\/v2\/pages\/11","targetHints":{"allow":["GET"]}}],"collection":[{"href":"https:\/\/www.mextelecom.com.mx\/corporativo\/wp-json\/wp\/v2\/pages"}],"about":[{"href":"https:\/\/www.mextelecom.com.mx\/corporativo\/wp-json\/wp\/v2\/types\/page"}],"author":[{"embeddable":true,"href":"https:\/\/www.mextelecom.com.mx\/corporativo\/wp-json\/wp\/v2\/users\/1"}],"replies":[{"embeddable":true,"href":"https:\/\/www.mextelecom.com.mx\/corporativo\/wp-json\/wp\/v2\/comments?post=11"}],"version-history":[{"count":6,"href":"https:\/\/www.mextelecom.com.mx\/corporativo\/wp-json\/wp\/v2\/pages\/11\/revisions"}],"predecessor-version":[{"id":192,"href":"https:\/\/www.mextelecom.com.mx\/corporativo\/wp-json\/wp\/v2\/pages\/11\/revisions\/192"}],"wp:featuredmedia":[{"embeddable":true,"href":"https:\/\/www.mextelecom.com.mx\/corporativo\/wp-json\/wp\/v2\/media\/290"}],"wp:attachment":[{"href":"https:\/\/www.mextelecom.com.mx\/corporativo\/wp-json\/wp\/v2\/media?parent=11"}],"curies":[{"name":"wp","href":"https:\/\/api.w.org\/{rel}","templated":true}]}}